{"id":10,"date":"2018-07-03T09:24:30","date_gmt":"2018-07-03T07:24:30","guid":{"rendered":"http:\/\/www2.turnveteranen.ch\/?page_id=10"},"modified":"2026-03-31T10:39:28","modified_gmt":"2026-03-31T08:39:28","slug":"start","status":"publish","type":"page","link":"https:\/\/www.turnveteranen.ch\/","title":{"rendered":"STARTSEITE"},"content":{"rendered":"<p style=\"text-align: center;\"><a href=\"https:\/\/www.turnveteranen.ch\/?page_id=11589\"><span style=\"font-family: georgia, palatino;\"><span style=\"font-size: 17px;\"><span style=\"font-size: 16px;\"><span style=\"font-family: arial, helvetica, sans-serif; font-size: 18px;\">Bericht<\/span><\/span><\/span><\/span><\/a><span style=\"font-family: arial, helvetica, sans-serif; font-size: 17px;\"><span style=\"font-size: 18px;\"> und <a href=\"https:\/\/www.turnveteranen.ch\/?page_id=11589\">Fotos<\/a> M\u00e4rz-Wanderung <a href=\"https:\/\/www.turnveteranen.ch\/?page_id=9228\"><img loading=\"lazy\" decoding=\"async\" class=\"alignnone wp-image-572\" src=\"https:\/\/www.turnveteranen.ch\/wp-content\/uploads\/2018\/10\/new7.gif\" alt=\"\" width=\"49\" height=\"19\" \/><\/a><\/span><br \/>\n___________________<\/span><\/p>\n<div class=\"nH\">\n<div class=\"V8djrc byY\">\n<div data-subject-announcement=\"Konversation ge\u00f6ffnet. 1\u00a0Nachricht gelesen.\">\n<div class=\"ha\">\n<p style=\"text-align: center;\"><strong><span style=\"font-family: arial, helvetica, sans-serif; font-size: 18px; color: #ff0000;\">Veteranentagung<\/span><\/strong><\/p>\n<p style=\"text-align: center;\"><span style=\"font-size: 18px; font-family: arial, helvetica, sans-serif;\">Findet am Samstag, 16. Mai 2026 in Mettmenstetten statt.<br \/>\nDer Obmann w\u00fcrde sich freuen, dort mit einer grossen &#8222;Mannschaft&#8220; aufzutreten.<\/span><\/p>\n<p style=\"text-align: center;\"><span style=\"font-size: 18px; font-family: arial, helvetica, sans-serif;\">Die Festkarte mit \u00d6V-Billett gehen zu Lasten der Vereinskasse.<\/span><\/p>\n<p style=\"text-align: center;\"><span style=\"font-size: 18px; font-family: arial, helvetica, sans-serif;\">Umst\u00e4ndehalber baldm\u00f6glichst bei mir anmelden, sp\u00e4testens bis am <span style=\"color: #ff0000;\">10. April 2026<\/span>.<b>\u00a0<a href=\"mailto:rolf.marghitola@bluewin.ch\" target=\"_blank\" rel=\"noopener\">rolf.marghitola@bluewin.<wbr \/>ch<\/a><\/b><\/span><\/p>\n<p style=\"text-align: center;\"><span style=\"font-size: 18px; font-family: arial, helvetica, sans-serif;\">Mit Turnergr\u00fcssen<br \/>\n<\/span><span style=\"font-size: 18px; font-family: arial, helvetica, sans-serif;\">Rolf Marghitola<br \/>\n<\/span><span style=\"font-size: 21px;\">&#8212;&#8212;&#8212;&#8212;&#8212;&#8212;&#8212;&#8212;&#8212;&#8212;&#8212;&#8212;<br \/>\n****************************************************************************<\/span><\/p>\n<p style=\"text-align: center;\"><strong>Einladung zum Fr\u00fchlingsausflug 2026<\/strong><\/p>\n<p>Liebe Veteranenfamilie<\/p>\n<p>Ich habe die grosse Freude, euch zum Fr\u00fchlingsausflug einzuladen. Unser Ziel ist f\u00fcr einmal der Walensee, genauer gesagt das Dorf Quinten. Nach einer Carfahrt mit der bew\u00e4hrten Fa. M\u00fcller Erlenbach erreichen wir Walenstadt. Hier begeben wir uns aufs Schiff, welches uns nach Quinten bringt. Mittagessen im Restaurant Seehus. Danach geht es wieder auf das Schiff nach Weesen. Umsteigen in den Car und Heimreise nach Z\u00fcrich.<\/p>\n<ul>\n<li style=\"list-style-type: none;\">\n<ul>\n<li style=\"list-style-type: none;\">\n<ul>\n<li style=\"list-style-type: none;\">\n<ul>\n<li style=\"list-style-type: none;\">\n<ul>\n<li style=\"list-style-type: none;\">\n<ul>\n<li style=\"list-style-type: none;\">\n<ul>\n<li style=\"list-style-type: none;\">\n<ul>\n<li style=\"list-style-type: none;\">\n<ul>\n<li><strong>Reisetag\u00a0\u00a0\u00a0\u00a0\u00a0\u00a0\u00a0\u00a0\u00a0\u00a0\u00a0\u00a0\u00a0\u00a0\u00a0\u00a0\u00a0\u00a0\u00a0\u00a0\u00a0\u00a0\u00a0 <\/strong>\u00a0\u00a0\u00a0\u00a0 Donnerstag, 7.Mai 2026<br \/>\n<strong>Besammlung\u00a0\u00a0\u00a0\u00a0\u00a0\u00a0\u00a0\u00a0\u00a0\u00a0\u00a0\u00a0\u00a0\u00a0\u00a0 <\/strong>\u00a0 \u00a0 \u00a008:45 Uhr Car-Parkplatz Sihlquai<br \/>\n<strong>Abfahr<\/strong>t\u00a0 \u00a0 \u00a0 \u00a0 \u00a0 \u00a0 \u00a0 \u00a0 \u00a0 \u00a0 \u00a0 \u00a0 \u00a0 \u00a0 \u00a0 \u00a0 \u00a009:00 Uhr<br \/>\n<strong>Ankunft\/Mittagessen<\/strong>\u00a0 \u00a0 \u00a0ca. 12:30 Rest. Seehus Quinten<br \/>\n<strong>R\u00fcckfahrt<\/strong>\u00a0 \u00a0 \u00a0 \u00a0 \u00a0 \u00a0 \u00a0 \u00a0 \u00a0 \u00a0 \u00a0 \u00a0 \u00a0 \u00a0 14:50 Schiff ab Quinten, 15:45 Car ab Weesen<br \/>\n<strong>Kosten<\/strong>\u00a0 \u00a0 \u00a0 \u00a0 \u00a0 \u00a0 \u00a0 \u00a0 \u00a0 \u00a0 \u00a0 \u00a0 \u00a0 \u00a0 \u00a0 \u00a0 \u00a0 \u00a0Fr. 70.00 pro Person<br \/>\n<strong>Inbegriffen<\/strong>\u00a0 \u00a0 \u00a0 \u00a0 \u00a0 \u00a0 \u00a0 \u00a0 \u00a0 \u00a0 \u00a0 \u00a0 \u00a0Alles ausser Spirituosen!<strong>Anmeldung\u00a0\u00a0\u00a0\u00a0\u00a0\u00a0\u00a0\u00a0\u00a0\u00a0\u00a0\u00a0\u00a0\u00a0\u00a0\u00a0\u00a0\u00a0\u00a0\u00a0\u00a0\u00a0\u00a0 per Mail an: <\/strong><a href=\"mailto:rolf.marghitola@bluewin.ch\"><strong>rolf.marghitola@bluewin.ch<\/strong><\/a><strong><br \/>\n<\/strong>oder schriftlich<strong>:<br \/>\n<\/strong>Rolf Marghitola<br \/>\n4562 Biberist, Dammstrasse 70, <strong>Tel. 044 853 34 62<\/strong>Die Obmannschaft freut sich auf eine grosse Teilnehmerschar!<\/li>\n<\/ul>\n<\/li>\n<\/ul>\n<\/li>\n<\/ul>\n<\/li>\n<\/ul>\n<\/li>\n<\/ul>\n<\/li>\n<\/ul>\n<\/li>\n<\/ul>\n<\/li>\n<\/ul>\n<\/li>\n<\/ul>\n<p style=\"padding-left: 360px;\">Herzliche Gr\u00fcsse<br \/>\nRolf Marghitola<br \/>\nObmann<\/p>\n<p style=\"padding-left: 360px;\">Anmeldung Fr\u00fchlingsausflug 7. Mai 2025<\/p>\n<p style=\"padding-left: 360px;\"><strong>Anmeldeschluss ist der Mittwoch, 29. April 2026<\/strong><\/p>\n<\/div>\n<\/div>\n<\/div>\n<\/div>\n","protected":false},"excerpt":{"rendered":"<p>Bericht und Fotos M\u00e4rz-Wanderung ___________________ Veteranentagung Findet am Samstag, 16. Mai 2026 in Mettmenstetten statt. Der Obmann w\u00fcrde sich freuen, dort mit einer grossen &#8222;Mannschaft&#8220; aufzutreten. Die Festkarte mit \u00d6V-Billett gehen zu Lasten der Vereinskasse. Umst\u00e4ndehalber baldm\u00f6glichst bei mir anmelden,<a class=\"more-link\" href=\"https:\/\/www.turnveteranen.ch\/\" title=\"STARTSEITE\"><span>Read more<\/span><\/a><\/p>\n","protected":false},"author":1,"featured_media":11418,"parent":0,"menu_order":0,"comment_status":"closed","ping_status":"closed","template":"","meta":{"footnotes":""},"class_list":["post-10","page","type-page","status-publish","has-post-thumbnail","hentry"],"_links":{"self":[{"href":"https:\/\/www.turnveteranen.ch\/index.php?rest_route=\/wp\/v2\/pages\/10","targetHints":{"allow":["GET"]}}],"collection":[{"href":"https:\/\/www.turnveteranen.ch\/index.php?rest_route=\/wp\/v2\/pages"}],"about":[{"href":"https:\/\/www.turnveteranen.ch\/index.php?rest_route=\/wp\/v2\/types\/page"}],"author":[{"embeddable":true,"href":"https:\/\/www.turnveteranen.ch\/index.php?rest_route=\/wp\/v2\/users\/1"}],"replies":[{"embeddable":true,"href":"https:\/\/www.turnveteranen.ch\/index.php?rest_route=%2Fwp%2Fv2%2Fcomments&post=10"}],"version-history":[{"count":2633,"href":"https:\/\/www.turnveteranen.ch\/index.php?rest_route=\/wp\/v2\/pages\/10\/revisions"}],"predecessor-version":[{"id":11735,"href":"https:\/\/www.turnveteranen.ch\/index.php?rest_route=\/wp\/v2\/pages\/10\/revisions\/11735"}],"wp:featuredmedia":[{"embeddable":true,"href":"https:\/\/www.turnveteranen.ch\/index.php?rest_route=\/wp\/v2\/media\/11418"}],"wp:attachment":[{"href":"https:\/\/www.turnveteranen.ch\/index.php?rest_route=%2Fwp%2Fv2%2Fmedia&parent=10"}],"curies":[{"name":"wp","href":"https:\/\/api.w.org\/{rel}","templated":true}]}}